 is the highest common divisor of 11 and v?
11
Suppose -4*i = -i - 90. Suppose 0 = 3*t + 5*d - 287, -i = -t - d + 69. What is the greatest common divisor of t and 13?
13
Let w(s) = s**3 - 10*s**2 + 13*s - 2. Suppose -2*r + 17 = -3. Let i be w(r). What is the highest common divisor of 16 and i?
16
Let k be (-1 - (2 - 2))*-9. Suppose 4*w - 5*q = 645, w + 4*q = -4*w + 755. Let b be (-8)/36 + w/k. What is the highest common factor of b and 119?
17
Let z = -51 - -56. What is the greatest common divisor of 5 and z?
5
Let t = 13 + -5. Suppose 60 = x + 5*i, -3*i - 32 = -x - i. Calculate the highest common factor of x and t.
8
Let g(j) = 14*j**2 - j + 2. Let f be g(2). Suppose -3*u = 2*u + 3*n - 46, 0 = -3*u + 2*n + 20. Calculate the highest common factor of u and f.
8
Let s = 14 - 8. Let w = -48 - -96. What is the highest common divisor of s and w?
6
Let p(h) = h**2 + 17*h + 9. Let b be p(-13). Let a = -1 - b. Calculate the highest common factor of 6 and a.
6
Let t = 133 - 82. Suppose -5*s - t = -171. What is the highest common factor of 6 and s?
6
Let z be ((-2)/1)/(-5 - -4). Let y = z - -16. Let v be 2/9 + 428/y. What is the greatest common divisor of v and 3?
3
Suppose 3*w - 2*w = 2. Suppose -3*i + 75 = w*i. Suppose 3*h + i = 0, 9*y - 140 = 4*y - 2*h. Calculate the highest common factor of 6 and y.
6
Let i be 7*-6*5/(-21). What is the greatest common factor of i and 15?
5
Let a(u) = 2*u. Let v be a(2). Suppose -z = 2*w + v*z, w - 18 = 2*z. Let r = 91 - 11. Calculate the greatest common factor of r and w.
10
Let v = 8 - 10. Let j be 0 - 0 - (-19 - v). Let w = 19 + j. Calculate the highest common divisor of w and 18.
18
Let g be (63 + 1)/(-4*3/(-12)). Calculate the highest common factor of g and 16.
16
Let f be ((-5)/(-4))/((-1)/4). Let b(m) be the second derivative of -m**3/3 + 5*m**2/2 - 2*m. Let v be b(f). Calculate the highest common divisor of v and 135.
15
Suppose 2*l - 3*q - 41 = 0, l + q - 4 = -3*q. Let g = -6 + 10. Calculate the highest common factor of g and l.
4
Let k(q) = 11*q**3 + q. Suppose -5*x = g + 1, -5*g - 4*x - 2 - 3 = 0. Let y be k(g). Let o = 24 + y. What is the highest common divisor of o and 4?
4
Let z(w) = 6*w - 2. Let l(c) = -c. Let i(j) = -5*l(j) - z(j). Let t be i(-12). Calculate the greatest common divisor of 28 and t.
14
Let i be (-24)/32 + (-22)/(-8). Suppose 3*k - 4*v - 77 = 0, 2*k - 12 = i*v + 36. Calculate the greatest common divisor of 209 and k.
19
Suppose -4 = -5*q + 11. Suppose -2*i + 7*i - 17 = 3*o, 2*o = -4*i + 18. Calculate the greatest common factor of q and o.
1
Let s(a) = 8*a**2 + 6*a - 10. Let t be s(3). Let n be (-1)/2 + 260/8. Calculate the greatest common factor of n and t.
16
Let z(a) = -a + 2. Let i be z(-3). Let c be (3 - 0) + 16 + i. What is the greatest common factor of 36 and c?
12
Suppose -j + 0*j - 5 = 0. Let n = j + 8. Suppose n = -b + 17. What is the greatest common factor of 35 and b?
7
Suppose 20 = 3*c + 2*c. Suppose -4*i - 2 = -u, -c*u + 3*i = -12 + 4. What is the highest common factor of u and 8?
2
Let k = -42 + 43. What is the greatest common factor of k and 7?
1
Let o be 0 - ((-6)/4 + (-317)/2). Calculate the greatest common factor of 10 and o.
10
Let i(u) be the third derivative of u**6/24 - u**5/30 + u**3/6 + u**2. Let p be i(1). What is the highest common divisor of p and 8?
4
Let b(v) = 0 + 3*v - 3 - 1 + 3*v**2 + 1. Let c be b(2). Suppose 4*m + 196 - 871 = 5*s, -2*m = -s - 333. Calculate the greatest common factor of c and m.
15
Let o(j) = 12*j. Let t be o(7). What is the greatest common factor of t and 12?
12
Let f be 4 + (-1 - (-2 + 0)). Let p(t) = -t + 6. Let m be p(f). Let o be (4/6)/(2/6). What is the greatest common divisor of o and m?
1
Let z = -30 + 50. Let m be 1/(-2) + (-418)/(-4). Let j = m - 44. Calculate the greatest common divisor of z and j.
20
Suppose 3*q + 9*a = 4*a - 5, -a = -2*q + 14. Suppose 2*i - 67 - q = 0. Suppose -5*x - 6*x + 264 = 0. Calculate the highest common divisor of i and x.
12
Let r(c) = -c**3 - 3*c**2 + 9*c + 1. Let a be r(-5). Suppose h = -5*i + 5*h + 322, -128 = -2*i + 2*h. Calculate the highest common divisor of i and a.
6
Let d be (-3)/2*((-224)/21)/2. Calculate the greatest common divisor of d and 72.
8
Let v(i) = -3*i + 5. Let q be v(8). Let w = q - -27. Let x(r) = 7*r**2 - 5*r - 4. Let d be x(4). Calculate the highest common divisor of d and w.
8
Let t = -50 - -86. Suppose 3*z - 63 = g - 5*g, -5*g + 4*z = -102. What is the highest common divisor of g and t?
18
Suppose 5*b = -0*b - 85. Let r = b - -28. What is the highest common divisor of r and 1?
1
Let f(u) be the second derivative of u**4/2 - u**3/2 - 3*u**2/2 + 3*u. Let n be f(-3). Calculate the highest common factor of n and 40.
20
Let x be (-273)/(-15) - (-4)/(-20). Calculate the highest common factor of x and 9.
9
Let j = 23 + -20. What is the greatest common divisor of 1 and j?
1
Let w(p) = p**2 + p + 9. Let x be w(0). Suppose z - 10 - 9 = -r, 0 = -3*z - x. Calculate the highest common divisor of r and 88.
22
Let v = -6 - -14. Let r(u) = 5*u - 72. Let o(b) = b. Let h(q) = 6*o(q) - r(q). Let y be h(0). What is the highest common divisor of y and v?
8
Suppose -7*u = -4*u - 99. Calculate the highest common divisor of 33 and u.
33
Let d = 28 + -15. Suppose -k = 3*k - 52. Calculate the greatest common factor of d and k.
13
Suppose -8*t + 440 = -3*t. Calculate the highest common divisor of 11 and t.
11
Let q = -20 - -44. Suppose -5*p = -59 - 121. Calculate the highest common factor of q and p.
12
Let g = 1 - 1. Let n be 4 - 0 - (-2 - g). Let s be (-2)/n + (-122)/(-6). What is the highest common divisor of 10 and s?
10
Let h(m) = m**2 - 7*m + 99. Let f be h(18). Let p = -54 - -87. What is the highest common factor of f and p?
33
Let p(a) = 2*a - 8. Let r(j) = 4*j - 16. Let c(l) = 5*p(l) - 2*r(l). Suppose -4*m + 8 = -20. Let d be c(m). Calculate the highest common divisor of 18 and d.
6
Let y(u) = u + 0*u + 0*u + 19. Let t be y(-10). Calculate the highest common divisor of 36 and t.
9
Suppose a = 4*w + 12, -7*a + 3*w + 61 = -3*a. Calculate the highest common divisor of a and 24.
8
Suppose 2 = j + 15. Let r = j - -61. Calculate the greatest common factor of 12 and r.
12
Let f be 76/6*(-9)/(-6). Suppose f = 5*r - 26. Calculate the highest common divisor of r and 27.
9
Let c be ((-30)/4)/((-9)/18). Calculate the greatest common divisor of c and 165.
15
Let k = 122 + -70. Suppose 0 = -19*m + 21*m - 52. What is the greatest common divisor of k and m?
26
Let i be 2/(-3) - 34/(-6). Suppose 25 = i*x - 0. Suppose -2*m = -n - 95, 2*n - 80 = -0*m - 2*m. What is the greatest common factor of x and m?
5
Let w be (-10)/(-20) + 2/(-4). Suppose w = 2*r - 0*r - 4. Calculate the highest common factor of 4 and r.
2
Suppose -4*u - 5*h + 31 = 0, 5*u - 3*u + 4*h = 8. Calculate the greatest common factor of u and 42.
14
Let n = -1 + 3. Calculate the greatest common factor of 7 and n.
1
Suppose v - 5 = 3*f - 0*v, -5*v - 1 = -2*f. Let k be f + 2 + 2 + -2. Suppose 18 = -k*o + 3*o. What is the highest common divisor of o and 54?
6
Suppose -4*d + 9*d - 21 = n, -5*n = -2*d - 10. Suppose 4*b - 180 = -0*b. Calculate the highest common divisor of d and b.
5
Let a(r) = r**2 - r. Let s(m) = 2*m**2 - 4*m + 10. Let d(y) = -3*a(y) + s(y). Let g be d(0). Calculate the highest common divisor of 20 and g.
10
Let x(a) = 61*a**3 - 2*a**2 + a. Let i(p) = -2*p + 3*p + 3 + 5. Let j be i(-7). Let s be x(j). What is the highest common factor of 12 and s?
12
Let w = -1 + 1. Let l be 1*(-2 + 1 - w). Let r be (70/(-8))/(l/4). What is the greatest common divisor of r and 5?
5
Let y = -65 + 107. What is the greatest common divisor of y and 42?
42
Let s be 124*(-2)/((-32)/(-12)). Let h = s + 163. What is the highest common divisor of 10 and h?
10
Let g be (-4)/(-7) - 808/(-56). Calculate the greatest common divisor of g and 165.
15
Suppose -61 = -5*d + 4*z + 17, 4*d = -z + 75. What is the greatest common divisor of 2 and d?
2
Let g be (-4)/22 - 62/22. Let k be (-585)/(-6) + g/(-6). Calculate the greatest common factor of 14 and k.
14
Suppose 6 = 2*q - 2*g, -30 + 6 = -5*q + 2*g. Calculate the highest common divisor of q and 6.
6
Suppose 4*z - 9 - 47 = 0. Let l(t) = -23*t - 2. Let o(m) = 22*m + 2. Let u(f) = 3*l(f) + 2*o(f). Let s be u(-4). Wh